{"id":239,"date":"2020-06-09T17:41:21","date_gmt":"2020-06-09T17:41:21","guid":{"rendered":"https:\/\/testcms.feuerwehr-wirbelau.de\/?page_id=239"},"modified":"2021-10-17T19:46:26","modified_gmt":"2021-10-17T19:46:26","slug":"einen-notruf-absetzen","status":"publish","type":"page","link":"https:\/\/feuerwehr-wirbelau.de\/?page_id=239","title":{"rendered":"Einen Notruf absetzen"},"content":{"rendered":"\t\t<div data-elementor-type=\"wp-page\" data-elementor-id=\"239\" class=\"elementor elementor-239\">\n\t\t\t\t\t\t<section class=\"elementor-section elementor-top-section elementor-element elementor-element-14ddc09 elementor-section-boxed elementor-section-height-default elementor-section-height-default\" data-id=\"14ddc09\" data-element_type=\"section\" data-e-type=\"section\">\n\t\t\t\t\t\t<div class=\"elementor-container elementor-column-gap-default\">\n\t\t\t\t\t<div class=\"elementor-column elementor-col-50 elementor-top-column elementor-element elementor-element-a0ae399\" data-id=\"a0ae399\" data-element_type=\"column\" data-e-type=\"column\">\n\t\t\t<div class=\"elementor-widget-wrap elementor-element-populated\">\n\t\t\t\t\t\t<div class=\"elementor-element elementor-element-6a08ec5 elementor-widget elementor-widget-heading\" data-id=\"6a08ec5\" data-element_type=\"widget\" data-e-type=\"widget\" data-widget_type=\"heading.default\">\n\t\t\t\t<div class=\"elementor-widget-container\">\n\t\t\t\t\t<h2 class=\"elementor-heading-title elementor-size-default\">112 - Notruf absetzen<\/h2>\t\t\t\t<\/div>\n\t\t\t\t<\/div>\n\t\t\t\t\t<\/div>\n\t\t<\/div>\n\t\t\t\t<div class=\"elementor-column elementor-col-50 elementor-top-column elementor-element elementor-element-42ffe8f\" data-id=\"42ffe8f\" data-element_type=\"column\" data-e-type=\"column\">\n\t\t\t<div class=\"elementor-widget-wrap\">\n\t\t\t\t\t\t\t<\/div>\n\t\t<\/div>\n\t\t\t\t\t<\/div>\n\t\t<\/section>\n\t\t\t\t<section class=\"elementor-section elementor-top-section elementor-element elementor-element-d7a2f8d elementor-section-boxed elementor-section-height-default elementor-section-height-default\" data-id=\"d7a2f8d\" data-element_type=\"section\" data-e-type=\"section\">\n\t\t\t\t\t\t<div class=\"elementor-container elementor-column-gap-default\">\n\t\t\t\t\t<div class=\"elementor-column elementor-col-50 elementor-top-column elementor-element elementor-element-96820f8\" data-id=\"96820f8\" data-element_type=\"column\" data-e-type=\"column\">\n\t\t\t<div class=\"elementor-widget-wrap elementor-element-populated\">\n\t\t\t\t\t\t<div class=\"elementor-element elementor-element-5bbdb0f elementor-widget elementor-widget-heading\" data-id=\"5bbdb0f\" data-element_type=\"widget\" data-e-type=\"widget\" data-widget_type=\"heading.default\">\n\t\t\t\t<div class=\"elementor-widget-container\">\n\t\t\t\t\t<h4 class=\"elementor-heading-title elementor-size-default\">Was ist zu tun?<\/h4>\t\t\t\t<\/div>\n\t\t\t\t<\/div>\n\t\t\t\t<div class=\"elementor-element elementor-element-3a6932a elementor-widget elementor-widget-text-editor\" data-id=\"3a6932a\" data-element_type=\"widget\" data-e-type=\"widget\" data-widget_type=\"text-editor.default\">\n\t\t\t\t<div class=\"elementor-widget-container\">\n\t\t\t\t\t\t\t\t\t<p>Wenn eine Notsituation vorhanden ist oder gar noch Menschen oder Tiere sich in Notlagen befinden oder verletzt worden sind, muss schnell gehandelt werden. Gehen Sie hierbei wie folgt vor:<\/p><ul><li>Leisten Sie erste Hilfe<\/li><li>Sichern Sie, falls n\u00f6tig, die Schadensstelle ab<\/li><li>Bitten Sie umstehende bzw. hinzukommende Personen hierbei zu helfen<\/li><li>Rufen Sie Hilfe herbei (Mit einem Handy kann auch ohne g\u00fcltige Karte jederzeit die Notrufnummer 112 angew\u00e4hlt werden)<\/li><\/ul><p><strong>Zum Herbeirufen von Hilfe wurde europaweit der Notruf unter der Rufnummer <span style=\"color: #ff0000;\">112<\/span> eingef\u00fchrt. <\/strong><\/p><p>Die Polizei erreichen Sie in Deutschland unter der Notrufnummer 110.<\/p><p>In Deutschland kommen Sie nach der Wahl der Nummer 112 in der Regel bei einer sogenannten Leitstelle oder Rettungsleitstelle oder Zentralen <strong>Leitstelle f\u00fcr den Brandschutz, Katastrophenschutz und Rettungsdienst<\/strong> an, die rund um die Uhr besetzt ist. Die Leitstellenmitarbeiter sind entsprechend geschult und werden Ihnen weiterhelfen.<\/p><p>Quelle: <a href=\"https:\/\/kreisfeuerwehrverband.net\/notfall-was-tun.html\" target=\"_blank\" rel=\"noopener\"><em>https:\/\/kreisfeuerwehrverband.net<\/em>\/notfall-was-tun.html<\/a><\/p>\t\t\t\t\t\t\t\t<\/div>\n\t\t\t\t<\/div>\n\t\t\t\t<div class=\"elementor-element elementor-element-8f60d54 elementor-widget elementor-widget-image\" data-id=\"8f60d54\" data-element_type=\"widget\" data-e-type=\"widget\" data-widget_type=\"image.default\">\n\t\t\t\t<div class=\"elementor-widget-container\">\n\t\t\t\t\t\t\t\t\t\t\t\t\t\t\t<img fetchpriority=\"high\" decoding=\"async\" width=\"300\" height=\"300\" src=\"https:\/\/feuerwehr-wirbelau.de\/wp-content\/uploads\/2021\/03\/TagDesNotrufs112-300x300.jpg\" class=\"attachment-medium size-medium wp-image-1379\" alt=\"\" srcset=\"https:\/\/feuerwehr-wirbelau.de\/wp-content\/uploads\/2021\/03\/TagDesNotrufs112-300x300.jpg 300w, https:\/\/feuerwehr-wirbelau.de\/wp-content\/uploads\/2021\/03\/TagDesNotrufs112-150x150.jpg 150w, https:\/\/feuerwehr-wirbelau.de\/wp-content\/uploads\/2021\/03\/TagDesNotrufs112-768x769.jpg 768w, https:\/\/feuerwehr-wirbelau.de\/wp-content\/uploads\/2021\/03\/TagDesNotrufs112.jpg 1000w\" sizes=\"(max-width: 300px) 100vw, 300px\" \/>\t\t\t\t\t\t\t\t\t\t\t\t\t\t\t<\/div>\n\t\t\t\t<\/div>\n\t\t\t\t\t<\/div>\n\t\t<\/div>\n\t\t\t\t<div class=\"elementor-column elementor-col-50 elementor-top-column elementor-element elementor-element-0fbc8e5\" data-id=\"0fbc8e5\" data-element_type=\"column\" data-e-type=\"column\">\n\t\t\t<div class=\"elementor-widget-wrap elementor-element-populated\">\n\t\t\t\t\t\t<div class=\"elementor-element elementor-element-3ed515e elementor-widget elementor-widget-heading\" data-id=\"3ed515e\" data-element_type=\"widget\" data-e-type=\"widget\" data-widget_type=\"heading.default\">\n\t\t\t\t<div class=\"elementor-widget-container\">\n\t\t\t\t\t<h4 class=\"elementor-heading-title elementor-size-default\">Wie setze ich den Notruf ab?<\/h4>\t\t\t\t<\/div>\n\t\t\t\t<\/div>\n\t\t\t\t<div class=\"elementor-element elementor-element-e809c04 elementor-widget elementor-widget-text-editor\" data-id=\"e809c04\" data-element_type=\"widget\" data-e-type=\"widget\" data-widget_type=\"text-editor.default\">\n\t\t\t\t<div class=\"elementor-widget-container\">\n\t\t\t\t\t\t\t\t\t<ul><li>W\u00e4hlen Sie die Notrufnummer 112<\/li><li>Bleiben Sie ruhig!<\/li><li>Sprechen klar und deutlich und machen Sie zu den folgenden 5 \u201eW\u201c-Fragen die entsprechenden Angaben:<\/li><\/ul><table border=\"0\"><tbody><tr><td style=\"width: 30px;\">\u00a0<\/td><td style=\"width: 180px;\"><strong><span style=\"color: #ff0000;\">Wo<\/span><\/strong> ist es passiert?<\/td><td>Ort, Stra\u00dfe, Hausnummer, markante \u00d6rtlichkeit (ggf. Ortsbeschreibung)<\/td><\/tr><tr><td>\u00a0<\/td><td><span style=\"color: #ff0000;\"><strong>Was<\/strong><\/span> ist passiert?<\/td><td>z.B. Brand, Verkehrsunfall, Gefahrgutunfall<\/td><\/tr><tr><td>\u00a0<\/td><td><span style=\"color: #ff0000;\"><strong>Wie viele<\/strong><\/span> Verletzte?<\/td><td>Anzahl Verletzte, und Besonderheiten (eingeklemmte Person, Person in Gefahrenzone)<\/td><\/tr><tr><td>\u00a0<\/td><td><span style=\"color: #ff0000;\"><strong>Wer<\/strong><\/span> meldet den Notfall?<\/td><td>Vorname, Name, Ort, Stra\u00dfe, Hausummer<\/td><\/tr><tr><td>\u00a0<\/td><td><strong><span style=\"color: #ff0000;\">Warten<\/span><\/strong> auf R\u00fcckfragen!<\/td><td>Das Notrufgespr\u00e4ch ist nur von der Leitstelle zu beenden!<\/td><\/tr><\/tbody><\/table><ul><li style=\"list-style-type: none;\"><ul><li>Wenn m\u00f6glich, weisen Sie Rettungskr\u00e4fte an der Stra\u00dfe ein, z.B. wenn Hausnummern nur schlecht erkennbar sind oder die Helfer zu einem Hinterhaus geleitet werden m\u00fcssen.<\/li><li>Handelt es sich um einen Unfall mit einem Gefahrgut-Transporter, so nennen Sie bitte die oberen Zahlen auf einer der orangefarbenen Warntafel am Fahrzeug.<\/li><li>Nutzen Sie die Zeit bis zum Eintreffen der Hilfsdienste zur Hilfeleistung.<\/li><li>Versuchen Sie bis zum Eintreffen der Rettungskr\u00e4fte so weit wie m\u00f6glich zu helfen.<\/li><\/ul><\/li><\/ul><p>Quelle: <a href=\"https:\/\/kreisfeuerwehrverband.net\/notfall-was-tun.html\" target=\"_blank\" rel=\"noopener\">https:\/\/kreisfeuerwehrverband.net\/notfall-was-tun.html<\/a><\/p>\t\t\t\t\t\t\t\t<\/div>\n\t\t\t\t<\/div>\n\t\t\t\t\t<\/div>\n\t\t<\/div>\n\t\t\t\t\t<\/div>\n\t\t<\/section>\n\t\t\t\t<\/div>\n\t\t","protected":false},"excerpt":{"rendered":"<p>112 &#8211; Notruf absetzen Was ist zu tun? Wenn eine Notsituation vorhanden ist oder gar noch Menschen oder Tiere sich in Notlagen befinden oder verletzt worden sind, muss schnell gehandelt werden. Gehen Sie hierbei wie folgt vor: Leisten Sie erste &hellip; <a href=\"https:\/\/feuerwehr-wirbelau.de\/?page_id=239\">Weiter<\/a><\/p>\n","protected":false},"author":3,"featured_media":0,"parent":469,"menu_order":0,"comment_status":"closed","ping_status":"closed","template":"","meta":{"kt_blocks_editor_width":"","footnotes":""},"class_list":["post-239","page","type-page","status-publish","hentry"],"_links":{"self":[{"href":"https:\/\/feuerwehr-wirbelau.de\/index.php?rest_route=\/wp\/v2\/pages\/239","targetHints":{"allow":["GET"]}}],"collection":[{"href":"https:\/\/feuerwehr-wirbelau.de\/index.php?rest_route=\/wp\/v2\/pages"}],"about":[{"href":"https:\/\/feuerwehr-wirbelau.de\/index.php?rest_route=\/wp\/v2\/types\/page"}],"author":[{"embeddable":true,"href":"https:\/\/feuerwehr-wirbelau.de\/index.php?rest_route=\/wp\/v2\/users\/3"}],"replies":[{"embeddable":true,"href":"https:\/\/feuerwehr-wirbelau.de\/index.php?rest_route=%2Fwp%2Fv2%2Fcomments&post=239"}],"version-history":[{"count":40,"href":"https:\/\/feuerwehr-wirbelau.de\/index.php?rest_route=\/wp\/v2\/pages\/239\/revisions"}],"predecessor-version":[{"id":1805,"href":"https:\/\/feuerwehr-wirbelau.de\/index.php?rest_route=\/wp\/v2\/pages\/239\/revisions\/1805"}],"up":[{"embeddable":true,"href":"https:\/\/feuerwehr-wirbelau.de\/index.php?rest_route=\/wp\/v2\/pages\/469"}],"wp:attachment":[{"href":"https:\/\/feuerwehr-wirbelau.de\/index.php?rest_route=%2Fwp%2Fv2%2Fmedia&parent=239"}],"curies":[{"name":"wp","href":"https:\/\/api.w.org\/{rel}","templated":true}]}}