{"id":523,"date":"2020-06-17T19:44:17","date_gmt":"2020-06-17T19:44:17","guid":{"rendered":"https:\/\/testcms.feuerwehr-wirbelau.de\/?page_id=523"},"modified":"2021-10-17T19:48:04","modified_gmt":"2021-10-17T19:48:04","slug":"rauchmelder","status":"publish","type":"page","link":"https:\/\/feuerwehr-wirbelau.de\/?page_id=523","title":{"rendered":"Rauchmelder"},"content":{"rendered":"\t\t<div data-elementor-type=\"wp-page\" data-elementor-id=\"523\" class=\"elementor elementor-523\">\n\t\t\t\t\t\t<section class=\"elementor-section elementor-top-section elementor-element elementor-element-eecc210 elementor-section-boxed elementor-section-height-default elementor-section-height-default\" data-id=\"eecc210\" data-element_type=\"section\" data-e-type=\"section\">\n\t\t\t\t\t\t<div class=\"elementor-container elementor-column-gap-default\">\n\t\t\t\t\t<div class=\"elementor-column elementor-col-100 elementor-top-column elementor-element elementor-element-9d8dc54\" data-id=\"9d8dc54\" data-element_type=\"column\" data-e-type=\"column\">\n\t\t\t<div class=\"elementor-widget-wrap elementor-element-populated\">\n\t\t\t\t\t\t<div class=\"elementor-element elementor-element-2f7ab7b elementor-widget elementor-widget-heading\" data-id=\"2f7ab7b\" data-element_type=\"widget\" data-e-type=\"widget\" data-widget_type=\"heading.default\">\n\t\t\t\t<div class=\"elementor-widget-container\">\n\t\t\t\t\t<h2 class=\"elementor-heading-title elementor-size-default\">Rauchmelder retten Leben!<\/h2>\t\t\t\t<\/div>\n\t\t\t\t<\/div>\n\t\t\t\t\t<\/div>\n\t\t<\/div>\n\t\t\t\t\t<\/div>\n\t\t<\/section>\n\t\t\t\t<section class=\"elementor-section elementor-top-section elementor-element elementor-element-016c729 elementor-section-boxed elementor-section-height-default elementor-section-height-default\" data-id=\"016c729\" data-element_type=\"section\" data-e-type=\"section\">\n\t\t\t\t\t\t<div class=\"elementor-container elementor-column-gap-default\">\n\t\t\t\t\t<div class=\"elementor-column elementor-col-100 elementor-top-column elementor-element elementor-element-327b393\" data-id=\"327b393\" data-element_type=\"column\" data-e-type=\"column\">\n\t\t\t<div class=\"elementor-widget-wrap elementor-element-populated\">\n\t\t\t\t\t\t<div class=\"elementor-element elementor-element-79357d1 elementor-icon-list--layout-traditional elementor-list-item-link-full_width elementor-widget elementor-widget-icon-list\" data-id=\"79357d1\" data-element_type=\"widget\" data-e-type=\"widget\" data-widget_type=\"icon-list.default\">\n\t\t\t\t<div class=\"elementor-widget-container\">\n\t\t\t\t\t\t\t<ul class=\"elementor-icon-list-items\">\n\t\t\t\t\t\t\t<li class=\"elementor-icon-list-item\">\n\t\t\t\t\t\t\t\t\t\t\t<span class=\"elementor-icon-list-icon\">\n\t\t\t\t\t\t\t<i aria-hidden=\"true\" class=\"far fa-dot-circle\"><\/i>\t\t\t\t\t\t<\/span>\n\t\t\t\t\t\t\t\t\t\t<span class=\"elementor-icon-list-text\">Bei Neu- und Umbauten m\u00fcssen bereits seit dem 21.06.2005 Rauchmelder in allen Schlafr\u00e4umen, Kinderzimmern und Fluren, die als Rettungswege dienen, eingebaut werden. F\u00fcr Bestandsbauten galt eine \u00dcbergangsfrist zur Nachr\u00fcstung bis sp\u00e4testens bis 31.12.2014.<\/span>\n\t\t\t\t\t\t\t\t\t<\/li>\n\t\t\t\t\t\t\t\t<li class=\"elementor-icon-list-item\">\n\t\t\t\t\t\t\t\t\t\t\t<span class=\"elementor-icon-list-icon\">\n\t\t\t\t\t\t\t<i aria-hidden=\"true\" class=\"far fa-dot-circle\"><\/i>\t\t\t\t\t\t<\/span>\n\t\t\t\t\t\t\t\t\t\t<span class=\"elementor-icon-list-text\"><strong>Rauchmelder m\u00fcssen in allen Schlafr\u00e4umen und Kinderzimmern angebracht werden.<\/strong><\/span>\n\t\t\t\t\t\t\t\t\t<\/li>\n\t\t\t\t\t\t\t\t<li class=\"elementor-icon-list-item\">\n\t\t\t\t\t\t\t\t\t\t\t<span class=\"elementor-icon-list-icon\">\n\t\t\t\t\t\t\t<i aria-hidden=\"true\" class=\"far fa-dot-circle\"><\/i>\t\t\t\t\t\t<\/span>\n\t\t\t\t\t\t\t\t\t\t<span class=\"elementor-icon-list-text\">Zudem m\u00fcssen auch Aufenthaltsr\u00e4ume, in denen bestimmungsgem\u00e4\u00df Personen schlafen mit mindestens einem Rauchmelder ausgestattet werden. <\/span>\n\t\t\t\t\t\t\t\t\t<\/li>\n\t\t\t\t\t\t\t\t<li class=\"elementor-icon-list-item\">\n\t\t\t\t\t\t\t\t\t\t\t<span class=\"elementor-icon-list-icon\">\n\t\t\t\t\t\t\t<i aria-hidden=\"true\" class=\"far fa-dot-circle\"><\/i>\t\t\t\t\t\t<\/span>\n\t\t\t\t\t\t\t\t\t\t<span class=\"elementor-icon-list-text\">In allen Fluren in der Wohnung bzw. im Einfamilienhaus, \u00fcber die Rettungswege ins Treppenhaus oder ins Freie f\u00fchren, ist jeweils mindestens ein Rauchmelder zu installieren. <\/span>\n\t\t\t\t\t\t\t\t\t<\/li>\n\t\t\t\t\t\t\t\t<li class=\"elementor-icon-list-item\">\n\t\t\t\t\t\t\t\t\t\t\t<span class=\"elementor-icon-list-icon\">\n\t\t\t\t\t\t\t<i aria-hidden=\"true\" class=\"far fa-dot-circle\"><\/i>\t\t\t\t\t\t<\/span>\n\t\t\t\t\t\t\t\t\t\t<span class=\"elementor-icon-list-text\">In Einfamilienh\u00e4usern mit einem offenen Treppenraum gilt dieser auch als Fluchtweg und muss mit einem Melder auf jedem Stockwerk ausgestattet werden.<\/span>\n\t\t\t\t\t\t\t\t\t<\/li>\n\t\t\t\t\t\t<\/ul>\n\t\t\t\t\t\t<\/div>\n\t\t\t\t<\/div>\n\t\t\t\t\t<\/div>\n\t\t<\/div>\n\t\t\t\t\t<\/div>\n\t\t<\/section>\n\t\t\t\t<section class=\"elementor-section elementor-top-section elementor-element elementor-element-a8e32a3 elementor-section-boxed elementor-section-height-default elementor-section-height-default\" data-id=\"a8e32a3\" data-element_type=\"section\" data-e-type=\"section\">\n\t\t\t\t\t\t<div class=\"elementor-container elementor-column-gap-default\">\n\t\t\t\t\t<div class=\"elementor-column elementor-col-100 elementor-top-column elementor-element elementor-element-1cd4fbc\" data-id=\"1cd4fbc\" data-element_type=\"column\" data-e-type=\"column\">\n\t\t\t<div class=\"elementor-widget-wrap elementor-element-populated\">\n\t\t\t\t\t\t<div class=\"elementor-element elementor-element-9496465 elementor-widget elementor-widget-text-editor\" data-id=\"9496465\" data-element_type=\"widget\" data-e-type=\"widget\" data-widget_type=\"text-editor.default\">\n\t\t\t\t<div class=\"elementor-widget-container\">\n\t\t\t\t\t\t\t\t\t<p>Quellen:<\/p><p><a href=\"https:\/\/www.rauchmelder-lebensretter.de\/\" target=\"_blank\" rel=\"noopener\">https:\/\/www.rauchmelder-lebensretter.de\/<\/a><\/p><p><a href=\"https:\/\/www.rauchmelder-lebensretter.de\/rauchmelderpflicht\/rauchmelderpflicht-hessen\/\" target=\"_blank\" rel=\"noopener\">https:\/\/www.rauchmelder-lebensretter.de\/rauchmelderpflicht\/rauchmelderpflicht-hessen\/<\/a><\/p>\t\t\t\t\t\t\t\t<\/div>\n\t\t\t\t<\/div>\n\t\t\t\t\t<\/div>\n\t\t<\/div>\n\t\t\t\t\t<\/div>\n\t\t<\/section>\n\t\t\t\t<\/div>\n\t\t","protected":false},"excerpt":{"rendered":"<p>Rauchmelder retten Leben! Bei Neu- und Umbauten m\u00fcssen bereits seit dem 21.06.2005 Rauchmelder in allen Schlafr\u00e4umen, Kinderzimmern und Fluren, die als Rettungswege dienen, eingebaut werden. F\u00fcr Bestandsbauten galt eine \u00dcbergangsfrist zur Nachr\u00fcstung bis sp\u00e4testens bis 31.12.2014. Rauchmelder m\u00fcssen in allen &hellip; <a href=\"https:\/\/feuerwehr-wirbelau.de\/?page_id=523\">Weiter<\/a><\/p>\n","protected":false},"author":3,"featured_media":0,"parent":469,"menu_order":0,"comment_status":"closed","ping_status":"closed","template":"","meta":{"kt_blocks_editor_width":"","footnotes":""},"class_list":["post-523","page","type-page","status-publish","hentry"],"_links":{"self":[{"href":"https:\/\/feuerwehr-wirbelau.de\/index.php?rest_route=\/wp\/v2\/pages\/523","targetHints":{"allow":["GET"]}}],"collection":[{"href":"https:\/\/feuerwehr-wirbelau.de\/index.php?rest_route=\/wp\/v2\/pages"}],"about":[{"href":"https:\/\/feuerwehr-wirbelau.de\/index.php?rest_route=\/wp\/v2\/types\/page"}],"author":[{"embeddable":true,"href":"https:\/\/feuerwehr-wirbelau.de\/index.php?rest_route=\/wp\/v2\/users\/3"}],"replies":[{"embeddable":true,"href":"https:\/\/feuerwehr-wirbelau.de\/index.php?rest_route=%2Fwp%2Fv2%2Fcomments&post=523"}],"version-history":[{"count":34,"href":"https:\/\/feuerwehr-wirbelau.de\/index.php?rest_route=\/wp\/v2\/pages\/523\/revisions"}],"predecessor-version":[{"id":1808,"href":"https:\/\/feuerwehr-wirbelau.de\/index.php?rest_route=\/wp\/v2\/pages\/523\/revisions\/1808"}],"up":[{"embeddable":true,"href":"https:\/\/feuerwehr-wirbelau.de\/index.php?rest_route=\/wp\/v2\/pages\/469"}],"wp:attachment":[{"href":"https:\/\/feuerwehr-wirbelau.de\/index.php?rest_route=%2Fwp%2Fv2%2Fmedia&parent=523"}],"curies":[{"name":"wp","href":"https:\/\/api.w.org\/{rel}","templated":true}]}}

<div data-elementor-type="wp-page" data-elementor-id="523" class="elementor elementor-523">
						<section class="elementor-section elementor-top-section elementor-element elementor-element-eecc210 elementor-section-boxed elementor-section-height-default elementor-section-height-default" data-id="eecc210" data-element_type="section" data-e-type="section">
						<div class="elementor-container elementor-column-gap-default">
					<div class="elementor-column elementor-col-100 elementor-top-column elementor-element elementor-element-9d8dc54" data-id="9d8dc54" data-element_type="column" data-e-type="column">
			<div class="elementor-widget-wrap elementor-element-populated">
						<div class="elementor-element elementor-element-2f7ab7b elementor-widget elementor-widget-heading" data-id="2f7ab7b" data-element_type="widget" data-e-type="widget" data-widget_type="heading.default">
				<div class="elementor-widget-container">
					<h2 class="elementor-heading-title elementor-size-default">Rauchmelder retten Leben!</h2>				</div>
				</div>
					</div>
		</div>
					</div>
		</section>
				<section class="elementor-section elementor-top-section elementor-element elementor-element-016c729 elementor-section-boxed elementor-section-height-default elementor-section-height-default" data-id="016c729" data-element_type="section" data-e-type="section">
						<div class="elementor-container elementor-column-gap-default">
					<div class="elementor-column elementor-col-100 elementor-top-column elementor-element elementor-element-327b393" data-id="327b393" data-element_type="column" data-e-type="column">
			<div class="elementor-widget-wrap elementor-element-populated">
						<div class="elementor-element elementor-element-79357d1 elementor-icon-list--layout-traditional elementor-list-item-link-full_width elementor-widget elementor-widget-icon-list" data-id="79357d1" data-element_type="widget" data-e-type="widget" data-widget_type="icon-list.default">
				<div class="elementor-widget-container">
							<ul class="elementor-icon-list-items">
							<li class="elementor-icon-list-item">
											<span class="elementor-icon-list-icon">
							<i aria-hidden="true" class="far fa-dot-circle"></i>						</span>
										<span class="elementor-icon-list-text">Bei Neu- und Umbauten müssen bereits seit dem 21.06.2005 Rauchmelder in allen Schlafräumen, Kinderzimmern und Fluren, die als Rettungswege dienen, eingebaut werden. Für Bestandsbauten galt eine Übergangsfrist zur Nachrüstung bis spätestens bis 31.12.2014.</span>
									</li>
								<li class="elementor-icon-list-item">
											<span class="elementor-icon-list-icon">
							<i aria-hidden="true" class="far fa-dot-circle"></i>						</span>
										<span class="elementor-icon-list-text"><strong>Rauchmelder müssen in allen Schlafräumen und Kinderzimmern angebracht werden.</strong></span>
									</li>
								<li class="elementor-icon-list-item">
											<span class="elementor-icon-list-icon">
							<i aria-hidden="true" class="far fa-dot-circle"></i>						</span>
										<span class="elementor-icon-list-text">Zudem müssen auch Aufenthaltsräume, in denen bestimmungsgemäß Personen schlafen mit mindestens einem Rauchmelder ausgestattet werden. </span>
									</li>
								<li class="elementor-icon-list-item">
											<span class="elementor-icon-list-icon">
							<i aria-hidden="true" class="far fa-dot-circle"></i>						</span>
										<span class="elementor-icon-list-text">In allen Fluren in der Wohnung bzw. im Einfamilienhaus, über die Rettungswege ins Treppenhaus oder ins Freie führen, ist jeweils mindestens ein Rauchmelder zu installieren. </span>
									</li>
								<li class="elementor-icon-list-item">
											<span class="elementor-icon-list-icon">
							<i aria-hidden="true" class="far fa-dot-circle"></i>						</span>
										<span class="elementor-icon-list-text">In Einfamilienhäusern mit einem offenen Treppenraum gilt dieser auch als Fluchtweg und muss mit einem Melder auf jedem Stockwerk ausgestattet werden.</span>
									</li>
						</ul>
						</div>
				</div>
					</div>
		</div>
					</div>
		</section>
				<section class="elementor-section elementor-top-section elementor-element elementor-element-a8e32a3 elementor-section-boxed elementor-section-height-default elementor-section-height-default" data-id="a8e32a3" data-element_type="section" data-e-type="section">
						<div class="elementor-container elementor-column-gap-default">
					<div class="elementor-column elementor-col-100 elementor-top-column elementor-element elementor-element-1cd4fbc" data-id="1cd4fbc" data-element_type="column" data-e-type="column">
			<div class="elementor-widget-wrap elementor-element-populated">
						<div class="elementor-element elementor-element-9496465 elementor-widget elementor-widget-text-editor" data-id="9496465" data-element_type="widget" data-e-type="widget" data-widget_type="text-editor.default">
				<div class="elementor-widget-container">
									<p>Quellen:</p><p><a href="https://www.rauchmelder-lebensretter.de/" target="_blank" rel="noopener">https://www.rauchmelder-lebensretter.de/</a></p><p><a href="https://www.rauchmelder-lebensretter.de/rauchmelderpflicht/rauchmelderpflicht-hessen/" target="_blank" rel="noopener">https://www.rauchmelder-lebensretter.de/rauchmelderpflicht/rauchmelderpflicht-hessen/</a></p>								</div>
				</div>
					</div>
		</div>
					</div>
		</section>
				</div>

<p>Rauchmelder retten Leben! Bei Neu- und Umbauten müssen bereits seit dem 21.06.2005 Rauchmelder in allen Schlafräumen, Kinderzimmern und Fluren, die als Rettungswege dienen, eingebaut werden. Für Bestandsbauten galt eine Übergangsfrist zur Nachrüstung bis spätestens bis 31.12.2014. Rauchmelder müssen in allen &hellip; <a href="https://feuerwehr-wirbelau.de/?page_id=523">Weiter</a></p>
